72, 5*i = 2*z - 632. Let l = i + 154. Calculate the greatest common factor of 28 and l.
28
Suppose 12*o - 2 = 10*o. Suppose -o = -5*i + n + 3*n, -8 = -5*i - 3*n. What is the greatest common factor of 9 and i?
1
Suppose o = 2*x + 5, 3*o - 5*x + 15 = 6*o. Suppose 44 = 2*g - v - 101, 330 = o*g + 4*v. Let q = 4 + 6. Calculate the highest common divisor of q and g.
10
Let n(l) = -l**3 + l**2 - 2*l + 2. Let g be n(-4). Suppose 10*i = -p + 13*i + 5, -4*p + 60 = -4*i. Calculate the greatest common divisor of p and g.
10
Let s(b) = -4*b - 6. Let t be s(-2). Let f be t/(4/(-3)) - 513/(-6). What is the highest common factor of f and 12?
12
Let i be 3/5 - 1386/(-90). What is the greatest common divisor of i and 224?
16
Let l(c) = 16*c + 70. Let v be l(-4). What is the highest common factor of v and 3?
3
Let n(c) = -c**3 + 7*c**2 + 14*c - 13. Suppose -9*p - 10 - 35 = 0. Let i be n(p). What is the greatest common divisor of i and 31?
31
Let b(p) = 2*p**2 - 6*p - 2. Let h be b(5). Let a(y) = -18*y - 171. Let i be a(-10). Calculate the highest common factor of h and i.
9
Let o = -25 - -177. Let f = -53 + o. Calculate the greatest common divisor of f and 66.
33
Let w = 67 - 65. Calculate the highest common divisor of 28 and w.
2
Suppose 5*b - 71 = 29. Let p = -40 + 90. Calculate the greatest common factor of p and b.
10
Suppose -2*y = -120 + 108. Calculate the greatest common divisor of 9 and y.
3
Suppose 72 = 4*a + 2*y, -3*a + 3*y = -5*a + 44. Suppose -6*r = -77 - 157. Let q be (-16)/20*(3 + r/(-3)). What is the greatest common divisor of q and a?
8
Let y be (-1 + 0)/(-10 + 9). Let d = y - -8. What is the greatest common factor of 9 and d?
9
Let h(l) = l**2 - 5*l - 1. Let a be h(6). Suppose 6 + 9 = -a*n, 3*n = 4*v - 25. Suppose -2*p = 2*p - 4. Calculate the highest common factor of v and p.
1
Let p(s) = -s**3 - 16*s**2 + 3*s + 32. Let k be p(-16). Let r = 91 + k. Calculate the greatest common factor of 30 and r.
15
Let m be (15/(-2))/(12/(-48)). Suppose 8*d - m = 42. Calculate the highest common factor of 72 and d.
9
Let r(d) = -2*d**2 - 10*d - 5. Suppose 0 = m, -5 = f + 4*m - 1. Let h be r(f). What is the highest common divisor of h and 21?
3
Suppose 2*v + 45 = -3*v. Let h be (-249)/(-27) + -5 - (-2)/v. Calculate the greatest common divisor of h and 28.
4
Let y be (-5)/((-10)/432) - 39/(-39). Suppose 9 = o - 22. What is the greatest common factor of o and y?
31
Suppose 2*q + 14 = 4*q + 5*b, 3*b + 6 = 0. Calculate the highest common factor of q and 20.
4
Let m be 2/(-5) + 82/5. Let f(y) = 95*y - 8. Let d be f(2). Let v be (d/(-6) + -3)*18/(-15). Calculate the highest common factor of v and m.
8
Let n = -215 + 228. Calculate the greatest common divisor of 52 and n.
13
Let c(n) = 61*n**2 - 10*n - 7. Let u be c(8). Let g be u/77 - (-3)/7. What is the highest common factor of 125 and g?
25
Suppose -247 = -3*t - 9*h + 13*h, 4*t = 3*h + 320. Let q = 83 + t. Calculate the greatest common factor of 8 and q.
8
Suppose 13*r - 6 = 46. Suppose -r*t + 160 = 4*c, 2*t + c - 60 = 4*c. Calculate the greatest common divisor of 9 and t.
9
Let q = 110 + -50. What is the greatest common divisor of 75 and q?
15
Let j(h) = h**3 + 21*h**2 + 107*h + 28. Let n be j(-12). Calculate the greatest common factor of n and 32.
8
Let y be (-6)/(1/(-27)*83 - -3). What is the highest common divisor of y and 189?
27
Let m be 68/2*3/6. Let f = -335 - -352. Calculate the greatest common divisor of m and f.
17
Let d(g) = g**2 + 2*g. Let o be d(2). Let n(j) = -15*j + 2. Let z be n(-2). What is the highest common factor of o and z?
8
Let a be 2/5 + (-78)/(-5). Let g(b) = b**2 + 15*b + 10. Let z be g(-13). Let u = -12 - z. Calculate the greatest common divisor of u and a.
4
Let x = 845 + -503. Calculate the greatest common divisor of x and 38.
38
Suppose 4*w = 20, -7*m + 2*w + 1577 = -4*m. What is the greatest common factor of m and 69?
23
Suppose -19*p + 20*p + 2*o - 665 = 0, 3*p + 3*o - 1992 = 0. What is the greatest common factor of 102 and p?
51
Suppose 5*d - 120 = 4*w, 3*w - d + 75 = -4. Let k be (-2 + 11)*6/18 - w. Calculate the greatest common factor of 8 and k.
4
Let j(z) = z**3 + 4*z**2 - 23*z + 7. Let y be j(-7). What is the highest common factor of y and 18?
3
Let i be (-3060)/(-380) - (-3)/(-57). Suppose -5*u + 2*o = 7*o - 30, -5*u - 4*o + 30 = 0. What is the highest common divisor of i and u?
2
Let n(h) = -h + 3. Let i be n(-13). Calculate the highest common factor of 776 and i.
8
Suppose -2*j + 0*g = -5*g - 37, -5*j + 5*g + 115 = 0. Calculate the highest common factor of 416 and j.
26
Let n = 183 + -123. Let l be (1/(-2))/((-6)/n). Let m be l*(-7)/(70/(-18)). What is the highest common factor of 1 and m?
1
Let q = 24 - 19. Suppose 0 = u - q - 28. Let n(g) = -g**2 + 17*g + 14. Let b be n(13). Calculate the greatest common factor of u and b.
33
Suppose 66 = -3*k - l + 356, -2*k = l - 192. What is the greatest common divisor of k and 931?
49
Let u be 1878/90 - 7 - 4/(-30). Suppose 0 = v - 6*v + 770. What is the highest common divisor of u and v?
14
Suppose 3373 = 4*n - 719. Suppose -396 = 3*w - n. Let t = -40 - -59. What is the highest common factor of w and t?
19
Let q = 118 + -115. Suppose -q*l - 9 = -48. Calculate the highest common factor of l and 117.
13
Suppose 17 = t - 58. Let p(f) = -3*f + 43. Let o be p(6). What is the highest common divisor of o and t?
25
Let j = 80 - 122. Let x be (-11)/(-3) + 28/j. Suppose -76 = -n - x*n + 2*u, 62 = 3*n + u. What is the greatest common divisor of 100 and n?
20
Suppose 0 = 51*n - 50*n - 34. What is the highest common divisor of 51 and n?
17
Suppose 3*a + 28 = 106. Let d = a - 51. Let w = d - -37. Calculate the highest common divisor of w and 108.
12
Suppose 294 = -11*r + 18*r. What is the greatest common factor of r and 105?
21
Let n = -27 - -63. Let j = 8 + 18. Let i be 13/j - (150/(-4) - -2). What is the greatest common divisor of i and n?
36
Suppose -n - 2*f = -f, 0 = -2*n - 5*f + 12. Let u be n + (-24)/(-6 + 4). What is the highest common factor of u and 40?
8
Let x be 1/4 + (-45)/(-12). Suppose -x*w + 5*j + 18 = -0*w, 0 = -j + 2. Let y = -2679 - -2707. Calculate the highest common divisor of y and w.
7
Suppose 6*a = -4*p + 4*a - 36, -34 = 3*p + 5*a. Let f(d) = d**3 + 9*d**2 + 7*d + 19. Let i be f(p). Calculate the highest common divisor of i and 18.
9
Suppose -2*p + 117 = -d, -6*p + 3*d + 111 = -4*p. Suppose -m - p = 3*m. Let b be (12/m)/(4/(-70)). Calculate the greatest common divisor of b and 7.
7
Let z be (120/(-25))/(3/10). Let v be (z - -68)*(-1)/2. Let u be -2 + v/(3 + -4). What is the highest common divisor of 60 and u?
12
Let g(k) = k**2 - 8*k - 1. Let t be g(8). Let d be 6 - (6*t + 3). Suppose -95*b + 72 = -94*b. Calculate the highest common divisor of b and d.
9
Suppose 2*y = -3*x - 5, -1 + 2 = -x. Let w be (1 - -3) + -6 + y. Let d be w/(-5) + (-67)/(-5). What is the highest common factor of d and 42?
14
Suppose -30*w + 12 = -26*w. What is the greatest common divisor of w and 13?
1
Suppose -66*z + 5*l = -67*z + 140, 304 = 2*z - 2*l. What is the highest common divisor of 650 and z?
50
Suppose 4*t = 26 - 34. Let g be (1 - (-21)/(-9))*63/t. What is the greatest common factor of 6 and g?
6
Let i(b) = 871*b**2 - 146*b - 147. Let f be i(-1). What is the greatest common divisor of 60 and f?
30
Suppose 716 = -70*q + 74*q + 2*b, 0 = -4*q - 5*b + 734. Let l be ((-22)/4)/(2/(-8)). What is the highest common factor of l and q?
22
Let q(d) = d**3 + 5*d**2 + 6*d + 10. Let w be q(-4). Suppose -o + 5 = -0. Calculate the greatest common factor of o and w.
1
Let s = -25 + 39. Let l(q) = q**2 - 60*q + 578. Let d be l(48). Calculate the greatest common factor of s and d.
2
Suppose -n + 0 = -4, 3*m = -5*n + 26. Suppose m*g - 32 = -24. Calculate the highest common factor of 3 and g.
1
Let j be (-1 + 0)/((-2)/4). Suppose -4*c + j*u + 172 = -2*u, -175 = -4*c + 5*u. Let g = 22 - 6. What is the highest common divisor of c and g?
8
Let u(p) = -p**2 - 9*p - 2. Let l(n) = -2*n - 23. Let w be l(-8). Let c be u(w). Calculate the greatest common factor of 18 and c.
6
Suppose w - 3*p = 175, w - 4*p - 2 - 178 = 0. What is the highest common divisor of w and 10?
10
Suppose 0 = -18*k + 32 + 166. What is the greatest common divisor of k and 1?
1
Suppose -1740 + 1